{"id":172,"date":"2025-12-02T12:00:07","date_gmt":"2025-12-02T11:00:07","guid":{"rendered":"http:\/\/monfort.es\/?page_id=172"},"modified":"2025-12-03T12:36:17","modified_gmt":"2025-12-03T11:36:17","slug":"deposito-aduanero-2","status":"publish","type":"page","link":"https:\/\/monfort.es\/?page_id=172","title":{"rendered":"Deposito Aduanero (Aduana ES)"},"content":{"rendered":"<h3><img loading=\"lazy\" decoding=\"async\" class=\"alignnone wp-image-624 size-full\" src=\"https:\/\/monfort.es\/wp-content\/uploads\/2019\/04\/Alma-1040x460.jpg\" alt=\"\" width=\"1040\" height=\"460\" srcset=\"https:\/\/monfort.es\/wp-content\/uploads\/2019\/04\/Alma-1040x460.jpg 1040w, https:\/\/monfort.es\/wp-content\/uploads\/2019\/04\/Alma-1040x460-300x133.jpg 300w, https:\/\/monfort.es\/wp-content\/uploads\/2019\/04\/Alma-1040x460-768x340.jpg 768w, https:\/\/monfort.es\/wp-content\/uploads\/2019\/04\/Alma-1040x460-1024x453.jpg 1024w\" sizes=\"auto, (max-width: 1040px) 100vw, 1040px\" \/><\/h3>\n<h3>Servicio de\u00a0dep\u00f3sitos aduaneros\u00a0Monfort<\/h3>\n<p>Los Dep\u00f3sitos DA y DDA de <strong>Transportes Monfort<\/strong>, su mejor aliado en el mercado internacional. Monfort, empresa referente en el sector del transporte desde 1932, pone a su disposici\u00f3n m\u00e1s de 50.000 m2 de instalaciones dedicadas al almacenamiento de mercanc\u00edas y que cuentan con la autorizaci\u00f3n de Dep\u00f3sito Aduanero y Dep\u00f3sito Distinto del Aduanero, un servicio que reportar\u00e1 grandes ventajas fiscales a su empresa.<\/p>\n<p>Gracias a los dep\u00f3sitos de Transportes Monfort podr\u00e1:<\/p>\n<ul class=\"square\">\n<li class=\"\"> Almacenar con plazo ilimitado sus mercanc\u00edas provenientes de fuera de la UE (a trav\u00e9s del Dep\u00f3sito Aduanero) sin que devengue ning\u00fan tipo de impuesto, difiriendo el pago de los aranceles y el IVA a la importaci\u00f3n. Cobrar anticipadamente las Restituciones a la Exportaci\u00f3n.<\/li>\n<li class=\"\"> Almacenar con plazo ilimitado sus mercanc\u00edas provenientes de la UE (a trav\u00e9s del Dep\u00f3sito Distinto del Aduanero) deveng\u00e1ndose el arancel que proceda pero difiriendo el pago del IVA a la importaci\u00f3n.<\/li>\n<li class=\"\"> Acortar los plazos de entrega a sus clientes finales al mantener stocks de seguridad sin abonar aranceles-IVA.<\/li>\n<li class=\"\"> Mejorar su Tesorer\u00eda al liquidar los grav\u00e1menes solo cuando es necesario despachar.<\/li>\n<li class=\"\"> Mejorar su Pol\u00edtica de Compras al poder importar m\u00e1s en los momentos ventajosos (cambio de moneda adecuado, descuentos por volumen) sin liquidar impuestos.<\/li>\n<li class=\"\"> No tener que depender de la Documentaci\u00f3n de Origen para poder recepcionar al momento.<\/li>\n<li class=\"\"> Realizar operaciones usuales a su mercanc\u00eda en dep\u00f3sito, destinadas a garantizar su conservaci\u00f3n; mejorar su prestaci\u00f3n o su calidad comercial o preparar su distribuci\u00f3n o reventa.<\/li>\n<li class=\"\"> Recibir, etiquetar, preparar, trasbordar y enviar sus productos en plataforma o cisterna sin necesidad de desplazar la mercanc\u00eda de nuestras instalaciones.<\/li>\n<li class=\"\"> Contar con toda la seguridad y la experiencia de una empresa l\u00edder. <\/li>\n<\/ul>\n<p>Transportes Monfort ofrece la soluci\u00f3n perfecta para empresas importadoras de mercanc\u00edas o que desean contar con stock de materiales en un emplazamiento ventajoso, situado en la Avenida Enrique Gimeno, muy pr\u00f3ximo al cintur\u00f3n cer\u00e1mico y al puerto comercial de Castell\u00f3n.<\/p>\n<p>Si desea m\u00e1s informaci\u00f3n, contacte con nosotros en el tfno. 964 34 11 00 o correo electr\u00f3nico <a href=\"mailto:info@monfort.es\">info@monfort.es<\/a><\/p>\n<hr\/>\n","protected":false},"excerpt":{"rendered":"<p>Servicio de\u00a0dep\u00f3sitos aduaneros\u00a0Monfort Los Dep\u00f3sitos DA y DDA de Transportes Monfort, su mejor aliado en el mercado internacional. Monfort, empresa referente en el sector del transporte desde 1932, pone a su disposici\u00f3n m\u00e1s de 50.000 m2 de instalaciones dedicadas al almacenamiento de mercanc\u00edas y que cuentan con la autorizaci\u00f3n de Dep\u00f3sito Aduanero y Dep\u00f3sito Distinto [&hellip;]<\/p>\n","protected":false},"author":7,"featured_media":0,"parent":0,"menu_order":0,"comment_status":"closed","ping_status":"closed","template":"","meta":{"footnotes":""},"class_list":["post-172","page","type-page","status-publish","hentry"],"_links":{"self":[{"href":"https:\/\/monfort.es\/index.php?rest_route=\/wp\/v2\/pages\/172","targetHints":{"allow":["GET"]}}],"collection":[{"href":"https:\/\/monfort.es\/index.php?rest_route=\/wp\/v2\/pages"}],"about":[{"href":"https:\/\/monfort.es\/index.php?rest_route=\/wp\/v2\/types\/page"}],"author":[{"embeddable":true,"href":"https:\/\/monfort.es\/index.php?rest_route=\/wp\/v2\/users\/7"}],"replies":[{"embeddable":true,"href":"https:\/\/monfort.es\/index.php?rest_route=%2Fwp%2Fv2%2Fcomments&post=172"}],"version-history":[{"count":8,"href":"https:\/\/monfort.es\/index.php?rest_route=\/wp\/v2\/pages\/172\/revisions"}],"predecessor-version":[{"id":9437,"href":"https:\/\/monfort.es\/index.php?rest_route=\/wp\/v2\/pages\/172\/revisions\/9437"}],"wp:attachment":[{"href":"https:\/\/monfort.es\/index.php?rest_route=%2Fwp%2Fv2%2Fmedia&parent=172"}],"curies":[{"name":"wp","href":"https:\/\/api.w.org\/{rel}","templated":true}]}}