{"id":33,"date":"2025-12-02T11:50:58","date_gmt":"2025-12-02T10:50:58","guid":{"rendered":"http:\/\/monfort.es\/?page_id=33"},"modified":"2025-12-03T12:57:13","modified_gmt":"2025-12-03T11:57:13","slug":"gasolinera-gnv","status":"publish","type":"page","link":"https:\/\/monfort.es\/?page_id=33","title":{"rendered":"Gasolinera GNV (Gas ES)"},"content":{"rendered":"\n<figure class=\"wp-block-image\"><img loading=\"lazy\" decoding=\"async\" width=\"1040\" height=\"560\" src=\"https:\/\/monfort.es\/wp-content\/uploads\/2015\/08\/foto-03_monfort1.jpg\" alt=\"\" class=\"wp-image-389\" srcset=\"https:\/\/monfort.es\/wp-content\/uploads\/2015\/08\/foto-03_monfort1.jpg 1040w, https:\/\/monfort.es\/wp-content\/uploads\/2015\/08\/foto-03_monfort1-300x162.jpg 300w, https:\/\/monfort.es\/wp-content\/uploads\/2015\/08\/foto-03_monfort1-1024x551.jpg 1024w\" sizes=\"auto, (max-width: 1040px) 100vw, 1040px\" \/><\/figure>\n\n\n<p><\/p>\n\n<h3>El GNV o Gas Natural Vehicular es la alternativa ecol\u00f3gica a los derivados del petr\u00f3leo.<\/h3>\n\nUna nueva forma de energ\u00eda, m\u00e1s limpia, m\u00e1s econ\u00f3mica y m\u00e1s eficiente que los tradicionales combustibles f\u00f3siles, y con una presencia cada vez mayor en todo el parque automovil\u00edstico europeo.\nCon rendimientos superiores a los de los motores diesel y una tasa de emisi\u00f3n de gases notablemente inferior a la exigida por la Uni\u00f3n Europea, el Gas Natural Vehicular es la mejor elecci\u00f3n para los profesionales del transporte.\n\nTransportes Monfort pone a su disposici\u00f3n su nueva estaci\u00f3n de servicio GNV situada en la avenida Europa de la Ciudad del Transporte de Castell\u00f3n.\n\n<strong>GAS MONFORT:<\/strong>\n\nCon m\u00e1s de 80 a\u00f1os de experiencia en el sector de los transportes por carretera, una flota de m\u00e1s de 100 cabezas tractoras dotadas de la tecnolog\u00eda m\u00e1s vanguardista y numerosos reconocimientos a la calidad y la seguridad, Transportes Monfort ha apostado desde siempre por soluciones eficaces y respetuosas con el medio ambiente, convierti\u00e9ndola en una empresa referente para el sector.\nEn su esfuerzo constante por la innovaci\u00f3n y el cuidado del entorno, Transportes Monfort es la primera empresa de transporte de mercanc\u00edas por carretera de Europa en incorporar a su flota veh\u00edculos de gran tonelaje impulsados exclusivamente por Gas Natural Vehicular.\n\n<strong>GAS AHORRO:<\/strong>\n\nPensar en GNV\/ Monfort es pensar en ahorro.\nCon un consumo de hasta un 65% menos que el de un motor de gasolina y un precio por kilo de combustible un 50 % inferior, el Gas Natural Vehicular es la opci\u00f3n perfecta para los profesionales del transporte.\nAdem\u00e1s, al&nbsp; eliminar los residuos de carb\u00f3n o los sedimentos producidos por la combusti\u00f3n de materiales f\u00f3siles, los costes de reparaci\u00f3n y sustituci\u00f3n de piezas en el taller se reducen significativamente.\n\n<strong>GAS ECOL\u00d3GICO:<\/strong>\n\nLos motores GNV ofrecen niveles de emisi\u00f3n muy inferiores a los requeridos por las normativas europeas m\u00e1s rigurosas y estrictas, adelant\u00e1ndose en el tiempo a los est\u00e1ndares m\u00e1s exigentes.\n\nUtilizar Gas Natural Vehicular significa reducir desde el primer momento la emisi\u00f3n de gases nocivos para el medio ambiente como el mon\u00f3xido de carbono o el metano, que afectan de forma muy negativa a la calidad del aire en nuestras ciudades.\n\n<strong>GAS SERVICIOS:<\/strong>\n\nCon m\u00e1s de 20.000 estaciones de servicio que ya dispensan GNV en todo el mundo, el Gas Natural Vehicular se est\u00e1 convirtiendo en la alternativa m\u00e1s vers\u00e1til al combustible f\u00f3sil tradicional; un crecimiento imparable que atestiguan las 2600 estaciones en construcci\u00f3n en Europa que se sumar\u00e1n a las m\u00e1s de 60 que ya operan en Espa\u00f1a.\n\nEn Castell\u00f3n, situada en la Ciudad del Transporte, la estaci\u00f3n GNV\/ Monfort le brinda atenci\u00f3n personalizada y un servicio de calidad las 24 horas del d\u00eda.\n\n<strong>GAS VEH\u00cdCULOS:<\/strong>\n\nLos principales fabricantes de autom\u00f3viles ya comercializan veh\u00edculos para todas las necesidades: turismos, furgonetas, camiones, autobuses son ya propulsados por Gas Natural Vehicular.\n\nMarcas como Mercedes-Benz, Opel, Wolkswagen, Citro\u00ebn, Fiat o Iveco ofrecen veh\u00edculos con motores GNV o h\u00edbridos que se adaptan perfectamente a todas sus necesidades de transporte de forma limpia y eficiente; por ello, m\u00e1s de 17 millones de veh\u00edculos en todo el mundo circulan gracias a esta tecnolog\u00eda.\n\n<strong>GAS PROFESIONALES:<\/strong>\n\nEL Gas Natural Vehicular es la elecci\u00f3n perfecta para el profesional del transporte. Un coste por kil\u00f3metro muy inferior al de los combustibles f\u00f3siles, el bajo impacto medioambiental y el descenso de los precios de esta tecnolog\u00eda han convertido el motor GNV en la mejor inversi\u00f3n.\n\nNumerosas empresas de transporte urbano, taxistas, empresas de alquiler de autom\u00f3viles, as\u00ed como veh\u00edculos de servicio p\u00fablico en todo el mundo ya han comprobado las enormes ventajas de utilizar este combustible limpio y eficiente.\n\n<strong>GAS SILENCIOSO:<\/strong>\n\nUtilizar Gas Natural Vehicular asegura una conducci\u00f3n mucho m\u00e1s silenciosa y placentera.\nGracias a la tecnolog\u00eda GNV la combusti\u00f3n se produce de una forma mucho m\u00e1s suave y la poluci\u00f3n ac\u00fastica disminuye en 5 decibelios, lo que equivale a reducir el ruido de un motor de gasolina a la mitad.\n\n<strong>GAS SEGURO:<\/strong>\n\nEl GNV es menos pesado que el aire y permite que, en el caso de una improbable fuga, se eleve y se disipe en la atm\u00f3sfera sin formar acumulaciones peligrosas para usted.\nAdem\u00e1s, para encenderse requiere una temperatura de 600\u00ba cent\u00edgrados, mucho m\u00e1s alta que el propano, por lo que el riesgo de un eventual incendio o explosi\u00f3n se reduce considerablemente.\n\n<strong>GAS VENTAJAS:<\/strong>\n\nElegir Gas Natural Vehicular es escoger la perfecta combinaci\u00f3n entre rendimiento, econom\u00eda, seguridad y respeto por el medio ambiente.\n\nUn coste por kilo de carburante inferior al del gas\u00f3leo, motores silenciosos y con niveles de emisiones muy inferiores a los exigidos por las normativas europeas m\u00e1s estrictas y la cercan\u00eda de puntos de repostado convierten el GNV en una apuesta segura para su veh\u00edculo.\n\n<strong>\u00bfDONDE ESTAMOS?<\/strong>\n\nNos encontrar\u00e1 en la Avenida Europa, situada en pleno centro de la Ciudad del Transporte, Castell\u00f3n.\n\n<hr\/>\n\n<p style=\"text-align: right;\"><a href=\"https:\/\/monfort.es\" class=\"su-button su-button-style-default\" style=\"color:#FFFFFF;background-color:#000000;border-color:#000000;border-radius:5px\" target=\"_self\"><span style=\"color:#FFFFFF;padding:6px 16px;font-size:13px;line-height:20px;border-color:#4d4d4d;border-radius:5px;text-shadow:none\"><i class=\"sui sui-arrow-left\" style=\"font-size:13px;color:#FFFFFF\"><\/i> Volver<\/span><\/a>","protected":false},"excerpt":{"rendered":"<p>El GNV o Gas Natural Vehicular es la alternativa ecol\u00f3gica a los derivados del petr\u00f3leo. Una nueva forma de energ\u00eda, m\u00e1s limpia, m\u00e1s econ\u00f3mica y m\u00e1s eficiente que los tradicionales combustibles f\u00f3siles, y con una presencia cada vez mayor en todo el parque automovil\u00edstico europeo. Con rendimientos superiores a los de los motores diesel y [&hellip;]<\/p>\n","protected":false},"author":7,"featured_media":0,"parent":0,"menu_order":0,"comment_status":"closed","ping_status":"closed","template":"","meta":{"footnotes":""},"class_list":["post-33","page","type-page","status-publish","hentry"],"_links":{"self":[{"href":"https:\/\/monfort.es\/index.php?rest_route=\/wp\/v2\/pages\/33","targetHints":{"allow":["GET"]}}],"collection":[{"href":"https:\/\/monfort.es\/index.php?rest_route=\/wp\/v2\/pages"}],"about":[{"href":"https:\/\/monfort.es\/index.php?rest_route=\/wp\/v2\/types\/page"}],"author":[{"embeddable":true,"href":"https:\/\/monfort.es\/index.php?rest_route=\/wp\/v2\/users\/7"}],"replies":[{"embeddable":true,"href":"https:\/\/monfort.es\/index.php?rest_route=%2Fwp%2Fv2%2Fcomments&post=33"}],"version-history":[{"count":15,"href":"https:\/\/monfort.es\/index.php?rest_route=\/wp\/v2\/pages\/33\/revisions"}],"predecessor-version":[{"id":9466,"href":"https:\/\/monfort.es\/index.php?rest_route=\/wp\/v2\/pages\/33\/revisions\/9466"}],"wp:attachment":[{"href":"https:\/\/monfort.es\/index.php?rest_route=%2Fwp%2Fv2%2Fmedia&parent=33"}],"curies":[{"name":"wp","href":"https:\/\/api.w.org\/{rel}","templated":true}]}}