{"id":9066,"date":"2025-12-02T11:10:06","date_gmt":"2025-12-02T10:10:06","guid":{"rendered":"https:\/\/monfort.es\/?page_id=9066"},"modified":"2025-12-03T13:11:04","modified_gmt":"2025-12-03T12:11:04","slug":"monfort-collaboratore-del-xx-peniscola-international-jazz-festival-2023","status":"publish","type":"page","link":"https:\/\/monfort.es\/?page_id=9066&lang=it","title":{"rendered":"Monfort, Collaboratore del XX Pe\u00f1\u00edscola International Jazz Festival 2023 (Jazz 3 IT)"},"content":{"rendered":"\n<figure class=\"wp-block-image\"><img decoding=\"async\" src=\"https:\/\/monfort.es\/wp-content\/uploads\/2015\/05\/JAZZ-2023-1024x453.jpg\" alt=\"\" class=\"wp-image-908\"\/><\/figure>\n\n\n\n<p><\/p>\n\n\n\n<h2 class=\"wp-block-heading\">Monfort, Collaboratore del XX Pe\u00f1\u00edscola International Jazz Festival 2023<\/h2>\n\n\n\n<p>Transportes Monfort e Transportes Belda collaborano ancora una volta con il XX Pe\u00f1\u00edscola International Jazz Festival, che quest&#8217;anno si svolger\u00e0 dall&#8217;1 al 22 luglio al Palau de Congressos de Pe\u00f1\u00edscola. Questa nuova edizione conterr\u00e0 concerti di Martin Taylor &amp; Ulf Wakenius, Dainius Pulauskas Group, Mario Parmisano, con la famosa pianista e cantante Eliane Elias.<\/p>\n\n\n\n<p>Transportes Monfort, nei suoi oltre 90 anni al servizio del trasporto su strada nazionale e internazionale, \u00e8 un chiaro esempio di servizio professionale, flessibilit\u00e0, innovazione e rispetto per l&#8217;ambiente. Ma anche impegno per il proprio territorio, promuovendo il posizionamento di Castell\u00f3n sulla mappa, con eventi prestigiosi come il Pe\u00f1\u00edscola International JAZZ Festival, di cui \u00e8 stato collaboratore praticamente sin dal suo inizio.<\/p>\n\n\n\n<p>Maggiori informazioni in <a href=\"https:\/\/jazz.ivc.gva.es\/es\/\" target=\"_blank\" rel=\"noopener\">https:\/\/jazz.ivc.gva.es\/es\/<\/a><\/p>\n\n\n\n<hr class=\"wp-block-separator\"\/>\n\n\n<p style=\"text-align: right\"><a href=\"https:\/\/monfort.es\" class=\"su-button su-button-style-default\" style=\"color:#FFFFFF;background-color:#000000;border-color:#000000;border-radius:5px\" target=\"_self\"><span style=\"color:#FFFFFF;padding:6px 16px;font-size:13px;line-height:20px;border-color:#4d4d4d;border-radius:5px;text-shadow:none\"><i class=\"sui sui-arrow-left\" style=\"font-size:13px;color:#FFFFFF\"><\/i> Back<\/span><\/a>\n","protected":false},"excerpt":{"rendered":"<p>Monfort, Collaboratore del XX Pe\u00f1\u00edscola International Jazz Festival 2023 Transportes Monfort e Transportes Belda collaborano ancora una volta con il XX Pe\u00f1\u00edscola International Jazz Festival, che quest&#8217;anno si svolger\u00e0 dall&#8217;1 al 22 luglio al Palau de Congressos de Pe\u00f1\u00edscola. Questa nuova edizione conterr\u00e0 concerti di Martin Taylor &amp; Ulf Wakenius, Dainius Pulauskas Group, Mario Parmisano, [&hellip;]<\/p>\n","protected":false},"author":7,"featured_media":0,"parent":0,"menu_order":0,"comment_status":"closed","ping_status":"closed","template":"","meta":{"footnotes":""},"class_list":["post-9066","page","type-page","status-publish","hentry"],"_links":{"self":[{"href":"https:\/\/monfort.es\/index.php?rest_route=\/wp\/v2\/pages\/9066","targetHints":{"allow":["GET"]}}],"collection":[{"href":"https:\/\/monfort.es\/index.php?rest_route=\/wp\/v2\/pages"}],"about":[{"href":"https:\/\/monfort.es\/index.php?rest_route=\/wp\/v2\/types\/page"}],"author":[{"embeddable":true,"href":"https:\/\/monfort.es\/index.php?rest_route=\/wp\/v2\/users\/7"}],"replies":[{"embeddable":true,"href":"https:\/\/monfort.es\/index.php?rest_route=%2Fwp%2Fv2%2Fcomments&post=9066"}],"version-history":[{"count":4,"href":"https:\/\/monfort.es\/index.php?rest_route=\/wp\/v2\/pages\/9066\/revisions"}],"predecessor-version":[{"id":9487,"href":"https:\/\/monfort.es\/index.php?rest_route=\/wp\/v2\/pages\/9066\/revisions\/9487"}],"wp:attachment":[{"href":"https:\/\/monfort.es\/index.php?rest_route=%2Fwp%2Fv2%2Fmedia&parent=9066"}],"curies":[{"name":"wp","href":"https:\/\/api.w.org\/{rel}","templated":true}]}}