{"id":9068,"date":"2025-12-02T14:09:06","date_gmt":"2025-12-02T13:09:06","guid":{"rendered":"https:\/\/monfort.es\/?page_id=9068"},"modified":"2025-12-03T11:55:45","modified_gmt":"2025-12-03T10:55:45","slug":"transportes-monfort-patrocina-la-marato-bp-castello-2","status":"publish","type":"page","link":"https:\/\/monfort.es\/?page_id=9068&lang=en","title":{"rendered":"Transportes Monfort patrocina la Marat\u00f3 BP Castell\u00f3 (Marat\u00f3 BP EN)"},"content":{"rendered":"\n<figure class=\"wp-block-image\"><img decoding=\"async\" src=\"https:\/\/monfort.es\/wp-content\/uploads\/2015\/05\/04I0471_1024x453-1.jpg\" alt=\"\"\/><\/figure>\n\n\n<p><\/p>\n\n\n<h2 class=\"wp-block-heading\">Transportes Monfort patrocina la Marat\u00f3 BP Castell\u00f3<\/h2>\n\n\n\n<p>Monfort ha patrocinado un a\u00f1o m\u00e1s la prueba de Marat\u00f3 bp Castell\u00f3 y la X edici\u00f3n de 10K FACSA Castell\u00f3. Despu\u00e9s de que el pasado a\u00f1o pasara de colaborador a patrocinador de la prueba, ha confirmado un a\u00f1o m\u00e1s su compromiso con un evento que se posiciona en la \u00e9lite del atletismo internacional. Manuel Monfort Colom, administrador de Transportes Monfort y Juanma Medina, vicepresidente del Club d\u00b4Atletisme Running Castell\u00f3 ratificaron  esta colaboraci\u00f3n.<\/p>\n\n\n\n<p>La organizaci\u00f3n de Marat\u00f3 bp Castell\u00f3 y 10K FACSA Castell\u00f3 cerr\u00f3 el pasado domingo 26 de febrero la competici\u00f3n con una participaci\u00f3n total de 3.200 atletas. Cabe destacar la importante representaci\u00f3n de diferentes pa\u00edses en la competici\u00f3n de este a\u00f1o entre los atletas de \u00e9lite, entre los que se encuentran Etiop\u00eda, Marruecos, Francia, Jap\u00f3n, Reino Unido, Suecia, China, Malta, Alemania, Uganda, Hungr\u00eda, Rep\u00fablica Checa, Polonia y Argelia, con intenci\u00f3n de mejorar sus marcas gracias a la rapidez del circuito castellonense. La ciudad volvi\u00f3 a demostrar su pasi\u00f3n por el running, con m\u00e1s grupos de animaci\u00f3n que nunca.<\/p>\n\n\n\n<p>Transportes Monfort, ha demostrado en sus m\u00e1s de 90 a\u00f1os al servicio del transporte nacional e internacional por carretera, la responsabilidad con su territorio de influencia impulsando eventos como Marat\u00f3 bp Castell\u00f3, con el que comparte valores de esfuerzo, superaci\u00f3n y una gran proyecci\u00f3n internacional. De hecho, Transportes Monfort atesora un extenso compromiso con el deporte a lo largo de los a\u00f1os. M\u00e1s all\u00e1 de la competici\u00f3n de running es patrocinador de la Cursa Tombatossals y del Club B\u00e1squet Castell\u00f3n Benjam\u00edn.<\/p>\n\n\n\n<hr class=\"wp-block-separator\"\/>\n\n\n\n<p style=\"text-align:right\"><a href=\"https:\/\/monfort.es\" class=\"su-button su-button-style-default\" style=\"color:#FFFFFF;background-color:#000000;border-color:#000000;border-radius:5px\" target=\"_self\"><span style=\"color:#FFFFFF;padding:6px 16px;font-size:13px;line-height:20px;border-color:#4d4d4d;border-radius:5px;text-shadow:none\"><i class=\"sui sui-arrow-left\" style=\"font-size:13px;color:#FFFFFF\"><\/i> Back<\/span><\/a>\n","protected":false},"excerpt":{"rendered":"<p>Transportes Monfort patrocina la Marat\u00f3 BP Castell\u00f3 Monfort ha patrocinado un a\u00f1o m\u00e1s la prueba de Marat\u00f3 bp Castell\u00f3 y la X edici\u00f3n de 10K FACSA Castell\u00f3. Despu\u00e9s de que el pasado a\u00f1o pasara de colaborador a patrocinador de la prueba, ha confirmado un a\u00f1o m\u00e1s su compromiso con un evento que se posiciona en [&hellip;]<\/p>\n","protected":false},"author":7,"featured_media":0,"parent":0,"menu_order":0,"comment_status":"closed","ping_status":"closed","template":"","meta":{"footnotes":""},"class_list":["post-9068","page","type-page","status-publish","hentry"],"_links":{"self":[{"href":"https:\/\/monfort.es\/index.php?rest_route=\/wp\/v2\/pages\/9068","targetHints":{"allow":["GET"]}}],"collection":[{"href":"https:\/\/monfort.es\/index.php?rest_route=\/wp\/v2\/pages"}],"about":[{"href":"https:\/\/monfort.es\/index.php?rest_route=\/wp\/v2\/types\/page"}],"author":[{"embeddable":true,"href":"https:\/\/monfort.es\/index.php?rest_route=\/wp\/v2\/users\/7"}],"replies":[{"embeddable":true,"href":"https:\/\/monfort.es\/index.php?rest_route=%2Fwp%2Fv2%2Fcomments&post=9068"}],"version-history":[{"count":2,"href":"https:\/\/monfort.es\/index.php?rest_route=\/wp\/v2\/pages\/9068\/revisions"}],"predecessor-version":[{"id":9420,"href":"https:\/\/monfort.es\/index.php?rest_route=\/wp\/v2\/pages\/9068\/revisions\/9420"}],"wp:attachment":[{"href":"https:\/\/monfort.es\/index.php?rest_route=%2Fwp%2Fv2%2Fmedia&parent=9068"}],"curies":[{"name":"wp","href":"https:\/\/api.w.org\/{rel}","templated":true}]}}