{"id":9127,"date":"2025-12-02T11:50:09","date_gmt":"2025-12-02T10:50:09","guid":{"rendered":"https:\/\/monfort.es\/?page_id=9127"},"modified":"2025-12-03T12:56:41","modified_gmt":"2025-12-03T11:56:41","slug":"gasolinera-gnv-it","status":"publish","type":"page","link":"https:\/\/monfort.es\/?page_id=9127&lang=it","title":{"rendered":"Gasolinera GNV (Gas IT)"},"content":{"rendered":"\n<figure class=\"wp-block-image\"><img loading=\"lazy\" decoding=\"async\" width=\"1040\" height=\"560\" src=\"https:\/\/monfort.es\/wp-content\/uploads\/2015\/08\/foto-03_monfort1.jpg\" alt=\"\" class=\"wp-image-389\" srcset=\"https:\/\/monfort.es\/wp-content\/uploads\/2015\/08\/foto-03_monfort1.jpg 1040w, https:\/\/monfort.es\/wp-content\/uploads\/2015\/08\/foto-03_monfort1-300x162.jpg 300w, https:\/\/monfort.es\/wp-content\/uploads\/2015\/08\/foto-03_monfort1-1024x551.jpg 1024w\" sizes=\"auto, (max-width: 1040px) 100vw, 1040px\" \/><\/figure>\n\n\n<p><\/p>\n\n<h3>Il GNC o gas naturale compresso rappresenta l\u2019alternativa ecologica ai derivati del petrolio.<\/h3>\n\nSi tratta di una nuova forma d\u2019energia, pi\u00f9 pulita, pi\u00f9 economica ed efficiente rispetto ai tradizionali combustibili fossili, con una presenza sempre maggiore nel parco automobilistico europeo.\n\nGrazie ad un rendimento superiore a quello dei motori diesel e ad un tasso d\u2019emissione di gas notevolmente inferiore a quello richiesto dall\u2019Unione Europea, il gas naturale compresso rappresenta la migliore scelta per i professionisti del trasporto.\nTransportes Monfort mette a Sua disposizione una nuova stazione di servizio GNC nell\u2019Avenida Europa nella Ciudad del Transporte di Castell\u00f3n.\n\n<strong>GAS MONFORT:<\/strong>\n\nCon oltre 80 anni d\u2019esperienza nel settore dei trasporti su strada, una flotta di pi\u00f9 di 100 trattori caratterizzati da tecnologie all\u2019avanguardia, e numerosi riconoscimenti per la qualit\u00e0 e la sicurezza, Transportes Monfort ha da sempre optato per soluzioni efficienti ed ecocompatibili, che le hanno consentito di diventare l\u2019azienda di riferimento per il settore. Nel suo sforzo costante d\u2019innovazione e rispetto per l\u2019ambiente, Transportes Monfort \u00e9 stata la prima azienda di trasporto di merci su strada in Europa ad includere nella sua flotta veicoli di grande portata esclusivamente alimentati da gas naturale compresso.\n\n<strong>GAS RISPARMIO<\/strong>\n\nPensare al GNC\/Monfort significa pensare al risparmio.\nCon un consumo fino al 65% inferiore rispetto a quello del motore a benzina, e con un prezzo per chilogrammo di combustibile ridotto di circa il 50%, il gas natural compresso \u00e9 l\u2019opzione perfetta per i professionisti del trasporto.\nInoltre, tramite l\u2019eliminazione dei residui di carbone o dei sedimenti prodotti dalla combustione di materiali fossili, i costi di riparazione e sostituzione dei pezzi di ricambio in officina vengono drasticamente ridotti.\n\n<strong>GAS ECOLOGICO:<\/strong>\n\nI motori GNC offrono livelli d\u2019emissione ben inferiori a quelli richiesti dalle pi\u00f9 severe e rigorose norme europee, anticipando nel tempo i pi\u00f9 esigenti standard. L\u2019uso del gas naturale compresso implica la riduzione, sin dall\u2019inizio, delle emissioni di gas dannose per l\u2019ambiente, quali il monossido di carbonio o il metano, che incidono negativamente sulla qualit\u00e0 dell\u2019aria nelle nostre citt\u00e0.\n\n<strong>GAS SERVIZI:<\/strong>\n\nCon oltre 20.000 stazioni di servizio che gi\u00e0 erogano GNC in tutto il mondo, quest\u2019ultimo sta diventando l\u2019alternativa pi\u00f9 versatile al combustibile fossile tradizionale; si tratta dunque d\u2019una crescita inarrestabile testimoniata dalle 2600 stazioni attualmente in costruzione in Europa, che verranno a sommarsi alle oltre 60 gi\u00e0 operative in Spagna. A Castell\u00f3n la stazione GNC\/Monfort ubicata nella Ciudad del Transporte Le offrir\u00e0 attenzione personalizzata ed un servizio di qualit\u00e0 24 ore al giorno.\n\n<strong>GAS VEICOLI:<\/strong>\n\nLe grandi case automobilistiche vendono gi\u00e0 da tempo mezzi di trasporto per tutte le necessit\u00e0: veicoli da turismo, furgoni, camion e autobus gi\u00e0 alimentati da gas naturale compresso. Marchi come Mercedes-Benz, Opel, Wolkswagen, Citro\u00ebn, Fiat o Iveco offrono veicoli con motori GNC o ibridi, i quali si possono perfettamente adattare a tutte le Sue necessit\u00e0 di trasporto in modalit\u00e0 pulita ed efficiente; per tale motivo pi\u00f9 di 17 milioni di veicoli in tutto il mondo possono circolare grazie a questa tecnologia.\n\n<strong>GAS PROFESSIONISTI:<\/strong>\n\nIl gas naturale compresso \u00e9 la scelta perfetta per il professionista del trasporto. Un costo per chilometro molto inferiore rispetto a quello dei combustibili fossili, il basso impatto ambientale ed il calo dei prezzi di questa tecnologia hanno convertito il motore GNC nel migliore degli investimenti. Numerose aziende di trasporto urbano, tassisti, societ\u00e0 di noleggio auto, cos\u00ec come veicoli di servizio pubblico hanno gi\u00e0 sperimentato in tutto il mondo gli enormi vantaggi nell\u2019utilizzo di questo combustibile pulito ed efficiente.\n\n<strong>GAS SILENZIOSO:<\/strong>\n\nL\u2019utilizzo del gas naturale compresso assicura una guida molto pi\u00f9 silenziosa e piacevole.\nGrazie alla tecnologia GNC la combustione avviene con una modalit\u00e0 molto pi\u00f9 fluida e l\u2019inquinamento acustico diminusce di 5 decibel, il che equivale a ridurre di circa la met\u00e0 il rumore di un motore a gasolio.\n\n<strong>GAS SICURO:<\/strong>\n\nIl GNC \u00e9 meno pesante dell\u2019aria e, nel caso di un\u2019improbabile fuga, tale caratteristica gli permetterebbe d\u2019elevarsi e dissiparsi nell\u2019atmosfera senza formare accumuli per Lei nocivi. Inoltre, per incendiarsi, ha bisogno d\u2019una temperatura di 600<u><sup>o <\/sup><\/u>centigradi, molto pi\u00f9 alta rispetto a quella del propano, e ci\u00f2 riduce in modo considerevole il rischio d\u2019un eventuale incendio o esplosione.\n\n<strong>GAS VANTAGGI:<\/strong>\n\nScegliere gas naturale compresso significa scegliere la perfetta combinazione di prestazioni, economia, sicurezza e rispetto per l&#8217;ambiente. Un costo per chilogrammo di carburante inferiore a quello del diesel, motori silenziosi e con livelli d\u2019emissioni molto inferiori a quelli richiesti dalle pi\u00f9 severe normative europee, cos\u00ec come la prossimit\u00e0 di punti di rifornimento, convertono il GNC in una scommessa sicura per il Suo veicolo.\n\n<strong>DOVE SIAMO UBICATI?<\/strong> Ci trover\u00e0 in Avenida Europa, nel pieno centro della Ciudad del Transporte a Castell\u00f3n.\n\n<hr\/>\n\n<p style=\"text-align: right;\"><a href=\"https:\/\/monfort.es\" class=\"su-button su-button-style-default\" style=\"color:#FFFFFF;background-color:#000000;border-color:#000000;border-radius:5px\" target=\"_self\"><span style=\"color:#FFFFFF;padding:6px 16px;font-size:13px;line-height:20px;border-color:#4d4d4d;border-radius:5px;text-shadow:none\"><i class=\"sui sui-arrow-left\" style=\"font-size:13px;color:#FFFFFF\"><\/i> Ritorno<\/span><\/a>","protected":false},"excerpt":{"rendered":"<p>Il GNC o gas naturale compresso rappresenta l\u2019alternativa ecologica ai derivati del petrolio. Si tratta di una nuova forma d\u2019energia, pi\u00f9 pulita, pi\u00f9 economica ed efficiente rispetto ai tradizionali combustibili fossili, con una presenza sempre maggiore nel parco automobilistico europeo. Grazie ad un rendimento superiore a quello dei motori diesel e ad un tasso d\u2019emissione [&hellip;]<\/p>\n","protected":false},"author":7,"featured_media":0,"parent":0,"menu_order":0,"comment_status":"closed","ping_status":"closed","template":"","meta":{"footnotes":""},"class_list":["post-9127","page","type-page","status-publish","hentry"],"_links":{"self":[{"href":"https:\/\/monfort.es\/index.php?rest_route=\/wp\/v2\/pages\/9127","targetHints":{"allow":["GET"]}}],"collection":[{"href":"https:\/\/monfort.es\/index.php?rest_route=\/wp\/v2\/pages"}],"about":[{"href":"https:\/\/monfort.es\/index.php?rest_route=\/wp\/v2\/types\/page"}],"author":[{"embeddable":true,"href":"https:\/\/monfort.es\/index.php?rest_route=\/wp\/v2\/users\/7"}],"replies":[{"embeddable":true,"href":"https:\/\/monfort.es\/index.php?rest_route=%2Fwp%2Fv2%2Fcomments&post=9127"}],"version-history":[{"count":7,"href":"https:\/\/monfort.es\/index.php?rest_route=\/wp\/v2\/pages\/9127\/revisions"}],"predecessor-version":[{"id":9468,"href":"https:\/\/monfort.es\/index.php?rest_route=\/wp\/v2\/pages\/9127\/revisions\/9468"}],"wp:attachment":[{"href":"https:\/\/monfort.es\/index.php?rest_route=%2Fwp%2Fv2%2Fmedia&parent=9127"}],"curies":[{"name":"wp","href":"https:\/\/api.w.org\/{rel}","templated":true}]}}